 is the tens digit of 6415?
1
What is the thousands digit of 8206?
8
What is the hundreds digit of 1156?
1
What is the tens digit of 1562?
6
What is the thousands digit of 4954?
4
What is the thousands digit of 3199?
3
What is the hundreds digit of 37713?
7
What is the tens digit of 65?
6
What is the tens digit of 422?
2
What is the hundreds digit of 2963?
9
What is the units digit of 2166?
6
What is the units digit of 95?
5
What is the hundreds digit of 3508?
5
What is the units digit of 1243?
3
What is the tens digit of 331?
3
What is the thousands digit of 10683?
0
What is the units digit of 17682?
2
What is the units digit of 275?
5
What is the hundreds digit of 24368?
3
What is the hundreds digit of 57499?
4
What is the units digit of 13838?
8
What is the hundreds digit of 9435?
4
What is the tens digit of 7438?
3
What is the thousands digit of 2912?
2
What is the units digit of 13142?
2
What is the thousands digit of 8006?
8
What is the units digit of 3456?
6
What is the hundreds digit of 796?
7
What is the thousands digit of 4498?
4
What is the hundreds digit of 12643?
6
What is the tens digit of 92?
9
What is the hundreds digit of 156523?
5
What is the hundreds digit of 19606?
6
What is the ten thousands digit of 42811?
4
What is the units digit of 3786?
6
What is the ten thousands digit of 71907?
7
What is the tens digit of 22011?
1
What is the tens digit of 2438?
3
What is the units digit of 4717?
7
What is the tens digit of 38986?
8
What is the ten thousands digit of 33554?
3
What is the thousands digit of 8078?
8
What is the hundreds digit of 136?
1
What is the hundreds digit of 30415?
4
What is the tens digit of 38?
3
What is the units digit of 5897?
7
What is the units digit of 8638?
8
What is the hundreds digit of 1453?
4
What is the hundreds digit of 6338?
3
What is the thousands digit of 1663?
1
What is the ten thousands digit of 26213?
2
What is the tens digit of 5410?
1
What is the units digit of 346?
6
What is the units digit of 325?
5
What is the thousands digit of 1630?
1
What is the hundreds digit of 14282?
2
What is the ten thousands digit of 28671?
2
What is the thousands digit of 16866?
6
What is the thousands digit of 102983?
2
What is the tens digit of 90?
9
What is the tens digit of 9080?
8
What is the thousands digit of 26240?
6
What is the tens digit of 833?
3
What is the tens digit of 520?
2
What is the hundreds digit of 24356?
3
What is the units digit of 26710?
0
What is the thousands digit of 3699?
3
What is the tens digit of 1410?
1
What is the units digit of 11024?
4
What is the units digit of 59376?
6
What is the units digit of 8568?
8
What is the tens digit of 5582?
8
What is the units digit of 6985?
5
What is the hundreds digit of 28644?
6
What is the units digit of 545?
5
What is the units digit of 657?
7
What is the hundreds digit of 47228?
2
What is the tens digit of 3328?
2
What is the hundreds digit of 3356?
3
What is the hundreds digit of 20923?
9
What is the thousands digit of 23019?
3
What is the tens digit of 11629?
2
What is the hundreds digit of 5445?
4
What is the hundreds digit of 20239?
2
What is the units digit of 34485?
5
What is the hundreds digit of 12303?
3
What is the tens digit of 1236?
3
What is the ten thousands digit of 26792?
2
What is the tens digit of 4176?
7
What is the units digit of 762?
2
What is the thousands digit of 1222?
1
What is the tens digit of 702?
0
What is the hundreds digit of 8528?
5
What is the tens digit of 986?
8
What is the thousands digit of 13578?
3
What is the units digit of 30?
0
What is the hundreds digit of 14620?
6
What is the tens digit of 37812?
1
What is the hundreds digit of 523?
5
What is the hundreds digit of 594?
5
What is the tens digit of 13430?
3
What is the units digit of 2763?
3
What is the hundreds digit of 1540?
5
What is the ten thousands digit of 10809?
1
What is the units digit of 2092?
2
What is the hundreds digit of 34603?
6
What is the hundreds digit of 7187?
1
What is the tens digit of 1181?
8
What is the tens digit of 7992?
9
What is the hundreds digit of 417?
4
What is the hundreds digit of 1106?
1
What is the units digit of 1782?
2
What is the units digit of 1170?
0
What is the thousands digit of 7802?
7
What is the units digit of 415?
5
What is the thousands digit of 7254?
7
What is the thousands digit of 1428?
1
What is the thousands digit of 15734?
5
What is the thousands digit of 2113?
2
What is the tens digit of 69028?
2
What is the thousands digit of 79772?
9
What is the tens digit of 3386?
8
What is the tens digit of 57287?
8
What is the thousands digit of 1188?
1
What is the thousands digit of 1901?
1
What is the ten thousands digit of 98847?
9
What is the ten thousands digit of 50104?
5
What is the units digit of 24798?
8
What is the tens digit of 967?
6
What is the thousands digit of 45806?
5
What is the ten thousands digit of 56193?
5
What is the tens digit of 57?
5
What is the hundreds digit of 3764?
7
What is the ten thousands digit of 19405?
1
What is the units digit of 21898?
8
What is the tens digit of 1284?
8
What is the units digit of 393?
3
What is the hundreds digit of 111897?
8
What is the thousands digit of 2959?
2
What is the thousands digit of 72826?
2
What is the hundreds digit of 125930?
9
What is the hundreds digit of 610?
6
What is the tens digit of 982?
8
What is the tens digit of 154924?
2
What is the tens digit of 3166?
6
What is the hundreds digit of 95575?
5
What is the tens digit of 767?
6
What is the hundreds digit of 246?
2
What is the ten thousands digit of 92371?
9
What is the hundreds digit of 55466?
4
What is the hundreds digit of 4026?
0
What is the units digit of 60892?
2
What is the hundreds digit of 23601?
6
What is the hundreds digit of 95228?
2
What is the hundreds digit of 5960?
9
What is the thousands digit of 39616?
9
What is the thousands digit of 23193?
3
What is the tens digit of 4114?
1
What is the tens digit of 7404?
0
What is the hundreds digit of 74737?
7
What is the hundreds digit of 921?
9
What is the thousands digit of 41206?
1
What is the thousands digit of 3474?
3
What is the units digit of 8043?
3
What is the units digit of 24016?
6
What is the hundreds digit of 1252?
2
What is the tens digit of 991?
9
What is the tens digit of 960?
6
What is the thousands digit of 3871?
3
What is the tens digit of 799?
9
What is the units digit of 9046?
6
What is the units digit of 102942?
2
What is the ten thousands digit of 23656?
2
What is the hundreds digit of 57030?
0
What is the units digit of 2412?
2
What is the hundreds digit of 83753?
7
What is the units digit of 1771?
1
What is the thousands digit of 3153?
3
What is the hundreds digit of 3049?
0
What is the units digit of 209?
9
What is the units digit of 9730?
0
What is the tens digit of 16484?
8
What is the ten thousands digit of 61025?
6
What is the ten thousands digit of 18517?
1
What is the tens digit of 2000?
0
What is the tens digit of 35835?
3
What is the units digit of 1521?
1
What is the tens digit of 230?
3
What is the tens digit of 12831?
3
What is the thousands digit of 2777?
2
What is the tens digit of 1365?
6
What is the thousands digit of 80432?
0
What is the units digit of 41183?
3
What is the tens digit of 2514?
1
What is the hundreds digit of 84632?
6
What is the tens digit of 1962?
6
What is the thousands digit of 50323?
0
What is the tens digit of 10904?
0
What is the thousands digit of 15421?
5
What is the hundreds digit of 3160?
1
What is the hundreds digit of 911?
9
What is the units digit of 14022?
2
What is the units digit of 2337?
7
What is the tens digit of 20803?
0
What is the thousands digit of 5697?
5
What is the tens digit of 2828?
2
What is the units digit of 1857?
7
What is the thousands digit of 19882?
9
What is the tens digit of 4083?
8
What is the hundreds digit of 1249?
2
What is the thousands digit of 3662?
3
What is the hundreds digit of 15923?
9
What is the hundreds digit of 7208?
2
What is the tens digit of 16386?
8
What is the tens digit of 16978?
7
What is the ten thousands digit of 130918?
3
What is the tens digit of 21972?
7
What is the hundreds digit of 1190?
1
What is the tens digit of 3507?
0
What is the thousands digit of 9464?
9
What is the units digit of 10755?
5
Wh